= h*b + 2, -4*t + 81 = 3*b. List the prime factors of t.
3, 7
Let x = 1665 + -437. What are the prime factors of x?
2, 307
Let q(o) = 59*o**2 + 64*o - 497. What are the prime factors of q(7)?
2, 7, 29
Suppose 293 = 10*o - 4067. List the prime factors of o.
2, 109
Let g be 253/44 - 6/8. Suppose g*s + 70 = 170. List the prime factors of s.
2, 5
Suppose -2*o + 2032 = -5*m, 5*o - m - 2357 = 2723. List the prime factors of o.
2, 127
Suppose 7*z - 310 = 75. Let p = 168 - z. What are the prime factors of p?
113
What are the prime factors of (-2)/10 + (-11835)/(-375)*95?
2, 1499
Let d(v) = 4*v + 45. List the prime factors of d(-10).
5
Suppose 5*z - 3*t + 52 = 0, -3*t = -4*z - 38 - 6. Let a(r) = r**3 + 6*r**2 - 10*r + 6. Let q be a(z). What are the prime factors of 2 - (3 + 1 + q)?
2, 5
Let v be -4 + (-3 - (-2 - 10)). Let b = v - 4. List the prime factors of 5*(44/10)/b.
2, 11
Suppose -2*l + 1 + 3 = 0. Suppose 12 = l*y - z, y - 5*y - 4*z = -48. Suppose -2*o + o + 2 = -2*a, 3*o = 5*a + y. List the prime factors of o.
2, 3
Suppose 0 = 3*q - 3, q = -2*w + 5*w + 193. Let v = w + 139. Suppose v + 60 = 5*c. What are the prime factors of c?
3
What are the prime factors of 17/((-306)/24)*-1749?
2, 11, 53
Suppose 6*g = -791 + 2021. Let i = -84 + g. What are the prime factors of i?
11
Suppose 5*j + 4*h - 23467 = 0, 4*j - 6*j + 9370 = -4*h. What are the prime factors of j?
4691
Suppose -j + 2*j = 20. Let f = 2 + j. What are the prime factors of f?
2, 11
Suppose u - 6*u + 2*t = -609, 3*t = 3*u - 369. Let b(l) = l**3 - 15*l**2 + 6*l - 12. Let v be b(15). Let s = u - v. List the prime factors of s.
43
Let l(q) = 13*q - 160. List the prime factors of l(44).
2, 103
Let m = -11 + 34. Suppose m*z - 30*z + 868 = 0. What are the prime factors of z?
2, 31
Let g(d) = -d**3 + 51*d**2 + 63*d - 263. List the prime factors of g(51).
2, 5, 59
Let m(y) = 58*y**2 + 15*y - 15. List the prime factors of m(3).
2, 3, 23
Suppose -10 + 62 = 2*u. Let a be u/(-52) - 134/(-4). What are the prime factors of (-61)/(-3) + (-11)/a?
2, 5
Let b(c) = 98*c**2 - 8*c - 2. List the prime factors of b(2).
2, 11, 17
Let u be 12/36 + (526/6)/1. Let s = u + -31. What are the prime factors of s?
3, 19
What are the prime factors of (-1698)/(99/(-18) - -4)?
2, 283
Suppose 22891 = 21*a - 21692. List the prime factors of a.
11, 193
Suppose 10*a + 501 = 11*a - 2*o, -3*o + 1494 = 3*a. List the prime factors of a.
499
Suppose -26*d + 21*d = -5. What are the prime factors of ((-1)/2 + (d - 4))*-14?
7
Let f = 76 - -64. Let s = 58 - f. Let a = -50 - s. List the prime factors of a.
2
Let t be ((-7 - -165) + -2)*(-6)/(-4). Let r = t + -129. List the prime factors of r.
3, 5, 7
Let g(m) = 5*m**3 - 5*m**2 + 9*m - 3. Let r be g(4). Suppose -r - 141 = -3*z. What are the prime factors of z?
2, 3, 23
Let w(m) = -24*m + 35. Let a be w(-6). Suppose 7*p + 5*i = 4*p + 495, -p + 3*i = -a. What are the prime factors of p?
2, 5, 17
Let l(b) be the third derivative of -b**5/60 + b**4/8 - 7*b**3/6 - 2*b**2. Let g be l(3). Let f(a) = a**2 + 4*a - 9. List the prime factors of f(g).
2, 3
Suppose 2*a + 10*b = 11*b + 1886, -2820 = -3*a - 3*b. What are the prime factors of a?
2, 3, 157
Let x(j) = j**2 + 3*j. Let i be x(-3). Suppose -c = -i*c - 5. Suppose -c*s + 46 = -19. List the prime factors of s.
13
Let i = -5 + 7. Let t(j) = 2 + i + 4 - 5 - j. List the prime factors of t(-7).
2, 5
Let m = -191 + 387. What are the prime factors of m/10 + (-26)/(-65)?
2, 5
Suppose -74 = -2*i - 28. Suppose f + 5*n - i = 0, -2*f + n - 7 = -20. Suppose -f = 2*h, 0*z + 4*z = -h + 128. What are the prime factors of z?
3, 11
Let o = -157 + 144. Let y(w) = -w**2 - 20*w - 5. What are the prime factors of y(o)?
2, 43
Suppose 0 = 3*y + y - 136. Suppose 30*c - 40*c = 40. What are the prime factors of -2*y*1/c?
17
Let g be 2 + 1 + (-2)/(-2). Suppose -g*v - 3*k + 247 = 0, 20 = -4*k + 8*k. What are the prime factors of v?
2, 29
Let z(r) = r**3 + r - 1. Let g(b) = -6*b**3 + 10*b**2 - 14*b - 3. Let c(l) = g(l) + 5*z(l). List the prime factors of c(7).
2, 19
Let b(q) = -q - 3. Let x be b(-3). Suppose x = 3*v + 13 + 11. Let c(a) = -3*a - 9. What are the prime factors of c(v)?
3, 5
Let m(l) = -15*l**2 + 21*l + 7. Let v(i) = -7*i**2 + 10*i + 3. Let n(p) = 6*m(p) - 13*v(p). List the prime factors of n(10).
3, 7
Suppose 3*b = 4*z - 1546, -z + 3*z - 2*b = 774. List the prime factors of z.
5, 7, 11
Suppose -x = 2*u - 25, 4*u - 2*x - 11 - 19 = 0. Suppose -3*y = -y - u. Suppose 3*t - t = 2*h - 12, 3*h - y*t = 26. What are the prime factors of h?
2
Let r be (16/4)/(-4) - -3. Let p(f) = 3*f + 1 + r*f - 2*f + 1. List the prime factors of p(2).
2
Suppose s - 803 = 640. List the prime factors of s.
3, 13, 37
Let h(w) = w**3 - 12*w**2 - 22*w - 15. Let y(a) = a**3 - 13*a**2 - 23*a - 16. Let c(b) = 5*h(b) - 4*y(b). List the prime factors of c(10).
3
Suppose 3*m + 0*m = 18. Suppose -2*y + 27 = 5*p - m, -4*y + p = -11. Suppose -y*a = -2*v + 30, -5*v = 5*a + 65 - 185. List the prime factors of v.
3, 7
Let z = -10 - -9. Let u be (z + 0)*1*-22. Suppose -c + 4*d + 33 = 2*c, 4*c - u = -2*d. List the prime factors of c.
7
Let d(c) = -9*c**2 - 15*c + 5. Let p(h) = 5*h**2 + 8*h - 2. Let b(j) = -4*d(j) - 7*p(j). Let r be b(-6). List the prime factors of (r - -1) + (7 - 4).
2, 5
What are the prime factors of 393125/555 - ((-4)/(-3) + -1)?
2, 3, 59
Let k = 42 - 10. Suppose 33*h = k*h + 128. List the prime factors of h.
2
Let y(b) = -b**2 + 6*b + 10. Let a be y(7). Let u(t) = a - t - 2*t - 2. List the prime factors of u(-5).
2
Let m = -37 - -32. Let s(f) = f**2 - 3*f - 4. Let d be s(m). Suppose 2*a = 3*p + 2*p + 124, -d = -a - 4*p. What are the prime factors of a?
2, 13
Let f be (-172)/(-12) - 1/3. Suppose f = 2*y - 126. What are the prime factors of y?
2, 5, 7
Let b = 5 + 0. Suppose -5*o + b = 20. List the prime factors of (-180)/(-8) - o/(-2).
3, 7
Suppose 0 = 3*u - 2371 - 3725. List the prime factors of u.
2, 127
Suppose -v - 2*v = 2*v. Suppose -3*w + v*w = -156. List the prime factors of w.
2, 13
Let q(s) = 89*s**2 - 14*s - 2. List the prime factors of q(4).
2, 683
Let g = -915 + 1430. Suppose -24*p + g = -19*p. What are the prime factors of p?
103
Let v(h) = -29 + 6*h - 23 + 56 - h**3 + 4*h**2 + 0*h**3. Let u = 2 - -3. List the prime factors of v(u).
3
Let q = -36 + 34. List the prime factors of (q - -1)*(-1 + -112).
113
Let l(k) = 2*k**2 - 26*k + 64. List the prime factors of l(28).
2, 113
Let a(x) = -x**2 - 2*x + 6. Let v be a(-7). Let i = 109 + v. List the prime factors of i.
2, 5
What are the prime factors of 0 - -596 - 0/(-8)?
2, 149
Let i = 430 - 268. Let d = -95 + i. List the prime factors of d.
67
Let t = 13624 - 8667. List the prime factors of t.
4957
Let y(r) = -6*r**3 + r**2 - 2*r - 2. Let u be y(-2). Let f(g) = g + 33. Let x be f(0). Let p = u - x. What are the prime factors of p?
3, 7
Suppose k - 2*k = -1638. List the prime factors of k.
2, 3, 7, 13
Let z(j) = -j + 39. Let l be -3 + 3 + 10 + 3. List the prime factors of z(l).
2, 13
Let p(o) = 310*o - 2. What are the prime factors of p(1)?
2, 7, 11
Suppose x - 2*t - 2284 = 0, 3*t - 3940 = -2*x + 600. What are the prime factors of x?
2, 569
Let f(q) = 5*q**2 - 4*q + 2. Let h be f(2). Suppose -5*d - h = 11. List the prime factors of (-37)/d - 12/30.
7
Suppose -4*u + 0*u = -640. Suppose 0 = 5*o - h - 4*h - u, 0 = -2*o + 3*h + 62. List the prime factors of o.
2, 17
Let q(s) = -s**3 + 37*s**2 + 93*s + 13. What are the prime factors of q(38)?
3, 701
Let o(a) = -a. Let s(z) = -z**3 - 11*z**2 - 2*z - 11. Let g(k) = 5*o(k) - s(k). Let h be g(-10). Suppose 6*u - h = 45. List the prime factors of u.
31
Suppose 0 = 9*o - 10*o - 91. Let i = -43 - o. Let l = i - 18. List the prime factors of l.
2, 3, 5
Suppose -5*y + 46 = -69. Suppose -y = -5*v - 2*a, v - a - 16 = -2*v. What are the prime factors of v?
5
Let f = 8 + 82. What are the prime factors of f?
2, 3, 5
Let t(g) = g - 2. Let v be t(5). Suppose a + v*a - 416 = 0. List the prime factors of 2304/a + (-4)/26.
2, 11
Let v(g) = g**3 - 10*g**2 - 18*g + 27. What are the prime factors of v(12)?
3, 11
Suppose 2*h + 8 = 4*n - 3*n, 0 = -5*n + 20. Let d be -1 + 4 - (h + 3). Let m(z) = 2*z**3 + 2*z**2 - 2*z + 2. List the prime factors of m(d).
2, 11
Let i = 3418 - 2161. What are the prime factors o